 j*u = -8*u + 1005. What is the remainder when u is divided by 36?
31
Let v(u) = -6*u**2 - 3*u - 25. Let r be v(-5). Calculate the remainder when 221 is divided by (-3)/(-5 + (-785)/r).
29
Suppose -5*j + 2*h = -8033, 3*j + 3*h = 800 + 4024. What is the remainder when j is divided by 115?
112
Let o = 31642 - 30911. What is the remainder when o is divided by 148?
139
Let r(i) = i**3 + 8*i**2 + 10*i + 18. Let k = 259 + -265. What is the remainder when 45 is divided by r(k)?
15
Let n(l) = 3*l**2 + 17*l - 68. Let g be n(7). Calculate the remainder when (g/15)/((-5)/(-50)) is divided by 51.
30
Suppose -2774 = -3*f + 5*w, -4402*f - w - 3659 = -4406*f. What is the remainder when f is divided by 64?
17
Let y(h) = -2*h - 1. Let r be (15/6)/(1*(-4)/(-8)). Let a be -1 - (4 - r - -6). What is the remainder when 19 is divided by y(a)?
8
Suppose 6*p + 2*w = 2*p - 116, -p - 47 = 5*w. Calculate the remainder when (-3 - -30)/(p/(-45)) is divided by 23.
22
Let y(w) = -w - 24. Let f be y(-26). Let i = 4 + f. What is the remainder when 2/(-6)*(-13 + -2 + i) is divided by 2?
1
Suppose -2*n = -3*r + 2764, -127*r + 2*n = -129*r + 1816. Calculate the remainder when r is divided by 92.
88
Let r = 6 - 2. Suppose 0*h + 72 = r*h. Calculate the remainder when 29 is divided by h.
11
Suppose 3*c = -5*t + 3347, c - 1715 - 294 = -3*t. What is the remainder when t is divided by 82?
14
Let i(u) = -940*u + 7634. What is the remainder when i(8) is divided by 5?
4
Suppose -2367 = -5*v + 1638. Suppose -v = -8*i + 327. What is the remainder when i is divided by 18?
15
Suppose -6*n + 7*n = -u + 15, 4*n - 40 = u. Calculate the remainder when 437 is divided by n.
8
Let t(g) = -g**3 + 18*g**2 + 2*g + 4. Let p be t(13). Let j = p + -867. Calculate the remainder when (-2)/7 + 662/14 is divided by j.
7
Let o = -4532 - -17986. What is the remainder when o is divided by 65?
64
Let x = -234 - -239. Suppose 0 = -4*u - 5*h + 52 + 11, 63 = x*u + h. What is the remainder when u is divided by 10?
2
Let n = 0 - -1. Let l(p) = p**2 - 3*p - 50. Let g be l(9). Suppose 9*t - g*t = -v + 16, 5*v = 5*t - 10. Calculate the remainder when n is divided by v.
0
Calculate the remainder when 25854 is divided by (-18)/(-72)*((-3085)/(-5) + -5).
150
Suppose -4*m = -4*y + 436, -y - 14*m = -13*m - 109. What is the remainder when y is divided by 38?
33
Let w(f) be the first derivative of 4*f**3/3 - 15*f**2 + 67*f - 173. Calculate the remainder when 11 is divided by w(4).
0
Let g(y) = 6*y - 2. Let r = -24334 + 24345. What is the remainder when r is divided by g(2)?
1
Let j = 618 - 600. Suppose -2*u - 68 = -3*u. Calculate the remainder when u is divided by j.
14
Let r(u) = 9*u + 16 + 14*u**2 - 15*u**2 - 6. Let j be r(11). Let k(m) = m**3 + 10*m**2 - 27*m - 17. Calculate the remainder when 36 is divided by k(j).
17
Suppose -190*k + 145*k = -53055. Calculate the remainder when k is divided by 302.
273
Suppose 7*n = n + 4416. Calculate the remainder when 58 is divided by 1 + (n/52 - (-6)/(-39)).
13
Suppose 31 + 46 = 4*x + 3*n, -2*x + 28 = -2*n. Suppose 0*m - 3*m - 4*r = 15, 2*m = -5*r - x. What is the remainder when 81 - (3 + m + -3) is divided by 21?
19
Let j(h) be the first derivative of 10*h**2 - 148*h + 27. What is the remainder when 371 is divided by j(8)?
11
Suppose -3*f = 7 - 43. Let h(p) = 3250*p + 32523. What is the remainder when h(-10) is divided by f?
11
Calculate the remainder when 27/(-2)*(-4 - 3*(-16)/(-6)) is divided by 62.
38
Suppose -912 = -10*b + 4*b - 6*b. What is the remainder when 748 is divided by b?
64
Let s(q) = 7*q**2 + 18*q - 27. Suppose 20 = 4*t + 4*o, -2*t + 3*t = o + 1. Calculate the remainder when (2 - t)*(-1 - 21) is divided by s(-4).
9
Suppose -12*g - 45*g + 2736 = 0. Calculate the remainder when g is divided by 17.
14
Suppose -4*m = 246*m - 128000. What is the remainder when m is divided by 177?
158
Suppose 39*u - 144 = 90. What is the remainder when 91 is divided by 3 + 44/20*(-1 + u)?
7
Suppose -105*l = -2033 - 3112. Calculate the remainder when 387 is divided by l.
44
Let j = -93 + 113. Let w be (0 - -71)*(-3 - -6). Let n = w - 54. What is the remainder when n is divided by j?
19
Let b(c) = -2*c + 5. Let i be ((-4)/(-18))/(4/48)*3. Suppose -6*p = -5*t - i*p + 282, 3*p + 221 = 4*t. Calculate the remainder when t is divided by b(-5).
11
Let u = -14797 - -16039. What is the remainder when u is divided by 134?
36
Suppose -143*c - 37*c = -6660. Calculate the remainder when 220 is divided by c.
35
Let v(u) = u**3 - 10*u**2 + 12*u - 19. Let i be v(9). Let l = 6 - -7. Calculate the remainder when (4/i)/(1756/(-352) + 5) is divided by l.
5
Let v = 5771 - 5354. What is the remainder when v is divided by 36?
21
Let x(h) = -182*h + 23 + 397*h + 6*h**2 - 203*h. What is the remainder when 503 is divided by x(-2)?
20
Suppose u - 42 = -49. Calculate the remainder when 339 is divided by (-63)/6*(25/u + 3).
3
Suppose -434 = -21*f - 119. Let q = 41 + -45. What is the remainder when (-239)/q - 57/76 is divided by f?
14
Let y = -6588 + 6595. Let b = -16 + 19. Calculate the remainder when y is divided by b.
1
What is the remainder when (-2)/3 - 538/(-6) is divided by -8 + 29 + (22/6 - (-91)/273)?
14
Suppose -4607 = -4*t + y, 3 - 12 = 3*y. Calculate the remainder when t is divided by 128.
127
Let d(h) = 1929*h - 5585. What is the remainder when d(6) is divided by 1496?
5
Suppose -1142 = -5*z + 4*p - 103, -3*z = -2*p - 625. Let g(x) = -2*x**3 - 5*x**2 + 5. What is the remainder when z is divided by g(-4)?
52
Suppose 135 = 5*r - 2*r. Let x = r + -45. Suppose x = 15*f - 18*f + 192. What is the remainder when f is divided by 11?
9
Let d(u) = -u**2 + 9*u + 114. Let l(c) = -10*c - 2. Let n(r) = -120*r - 25. Let s(m) = -25*l(m) + 2*n(m). Calculate the remainder when s(7) is divided by d(-6).
22
Let v = 1252 + -860. Let c = 424 - v. What is the remainder when c is divided by 13?
6
Let w = 14 - 4. Suppose -10 - w = -5*a. Calculate the remainder when 18 is divided by a/10 + 1/((-20)/(-152)).
2
Let b(v) = -2094*v - 6818. What is the remainder when b(-4) is divided by 776?
6
Let c(g) = 2*g**3 - 7*g**2 + 4*g + 7. Let p be c(4). Let l = 63 - p. Suppose 0*q + 6 = -2*q, 5*q = -4*b + 457. What is the remainder when b is divided by l?
22
Suppose -305*i + 343 = -296*i - 1448. What is the remainder when i is divided by 62?
13
Let c(v) = -5*v - 35. Let x(s) = 11*s + 71. Suppose -5*q - 66 = 6*q. Let t(i) = q*x(i) - 13*c(i). What is the remainder when 39 is divided by t(19)?
9
Let r = 835 + -807. What is the remainder when 295 is divided by (-1750)/r*24/(-30)?
45
Let o(m) = -7*m - 398. Let x be o(0). Let y = x - -405. Let q = 9 + -2. What is the remainder when q is divided by y?
0
Let h(t) = 12*t**3 - 3*t**2 + 3*t + 3. Let w be h(3). Suppose 311*o = w*o + 20. What is the remainder when o is divided by 8?
2
Suppose 14 = 3*i + 4*i. Suppose 4*s + w = i*w - 90, -3*s + 4*w = 61. Let k = -6 - s. Calculate the remainder when 33 is divided by k.
16
Let g be (-93)/(1 + 2*-1). Suppose 3*d - d - 70 = -4*t, 5*t = 3*d + g. What is the remainder when t is divided by 221/17 - 8/((-32)/(-12))?
8
What is the remainder when 3100 is divided by ((-1562)/(-44) + -34)*344*1?
4
Suppose 995 = -434*i + 439*i. Calculate the remainder when i is divided by 25.
24
Suppose -2308 = 300*i - 302*i - 4*b, -5*i - 3*b + 5798 = 0. Calculate the remainder when i is divided by 105.
7
Suppose 5*a = -5*w + 20, 5*a - 3*a - 16 = -4*w. What is the remainder when (-6)/(-15)*(-2620)/(-8) + a is divided by 46?
39
Let x = -47 + 51. Suppose x*r + 42 + 113 = -t, 5*t = 2*r - 819. Let q = 392 + t. What is the remainder when q is divided by 29?
26
Let x be -16*(-7 + 108/16). Suppose -6*k + 18 = -4*k - 4*l, -x*l = 0. Calculate the remainder when 19 is divided by k.
1
Let x be 5 + 23/(-4) - 299/(-4). Let q = -70 + x. Suppose -3*v = -3*k + 3, q*v + 4*k = 15 + 13. Calculate the remainder when 8 is divided by v.
2
What is the remainder when 524 is divided by 44576/308 - -22 - (-3)/11?
23
Suppose 0 = -k + 4*r + 50, 139 = 5*k + 5*r - 111. What is the remainder when k is divided by 40?
10
Suppose 6*v - 62 + 0 = 118. What is the remainder when 961 is divided by v?
1
Let p be 74/851 - 2/23. Suppose 0 = 2*l + 5*m - 7*m - 208, m + 1 = p. Calculate the remainder when l is divided by 23.
11
